-3)?
2
Let a(q) be the first derivative of -3*q**5/4 + q**4/8 + 11*q**3/3 + 1. Let h(c) be the third derivative of a(c). What is the units digit of h(-1)?
3
Suppose -5*u + 8*u + 2253 = 0. Let h = 1099 + u. What is the tens digit of h?
4
Suppose -4*m + 10 = m. Let f(d) be the first derivative of d**4/2 - 5*d**3/3 + 3*d**2 - 154. What is the units digit of f(m)?
8
Suppose -3*a - 20 = 52. Let d = a + 24. Suppose 0 = 10*o - d*o - 970. What is the tens digit of o?
9
Let c(r) = r**2 - 3*r + 2. Let o be c(2). Let v be (6 + 4 - 116)/(-1). Suppose l - 2*l + v = o. What is the tens digit of l?
0
Let r(v) = v**3 + 62*v**2 - 72*v + 659. What is the units digit of r(-61)?
2
Suppose -2*c + 461 = -2*p + 5*p, 2*p = -3*c + 684. What is the tens digit of 2/(-8) - (0 - c/8)?
2
Let a be (-6)/(-3) - (1 + -3)/1. Suppose 0 = 2*i - 6, -v + 30 + 35 = a*i. Let x = -28 + v. What is the units digit of x?
5
Let c be (-423)/1 + -57 + 60. What is the units digit of ((-219600)/c)/((-4)/(-14))?
0
What is the thousands digit of (28/(-8))/((-34)/(-4) - 8)*-3389?
3
Let n(u) = 8*u**2 - 46*u + 172. What is the hundreds digit of n(-16)?
9
Let i be ((-123)/(-9))/(1/(-3)). Let g = i - -41. Suppose g = 2*n - 4*n - 4, -3*q + 223 = n. What is the units digit of q?
5
Suppose 11*i - 9*i + 36 = 2*j, -5*i - 77 = -4*j. Suppose j*f = -9*f + 638. What is the units digit of f?
9
Let u(j) = -56*j - 10. Suppose 0 = -6*q + 5*q - 2. What is the tens digit of u(q)?
0
Let x(p) = -3*p - 62. Let w(r) = -r - 21. Let c(j) = -11*w(j) + 4*x(j). Let s be c(-17). Let u(q) = q**3 + 2*q**2 + 3*q + 73. What is the tens digit of u(s)?
7
Suppose 0 = 2*c - 4*c + c. Let w(t) = -13*t + 244. What is the hundreds digit of w(c)?
2
Let s(b) = 28*b**2 + 5*b + 3. Let z(l) = -83*l**2 - 14*l - 8. Let d(y) = -8*s(y) - 3*z(y). What is the hundreds digit of d(-4)?
3
Suppose -46*r + 41*r - 132430 = -2*t, 0 = -3*r + 18. What is the thousands digit of t?
6
Let k(p) be the second derivative of -217*p**3/3 - 71*p**2/2 - 75*p + 2. What is the units digit of k(-3)?
1
Let n(v) = -3*v**3 - 190*v**2 + 161*v + 82. What is the units digit of n(-67)?
4
Suppose 0 = -5*i - k + 1494, -39 + 333 = i + 5*k. Suppose -226 = -2*l - x, 2*l - i = 3*x - 65. What is the units digit of l?
4
What is the ten thousands digit of (-470984)/(-12) - 3/(-90)*-20?
3
Let x be (-3 - (0 + 0))/2*-2. Suppose 0 = -x*n + u + 156 + 196, 4*u + 355 = 3*n. What is the tens digit of 0 + n + (2 - 6)?
1
Suppose -n - k + 36 = 0, 0 = 13*n - 18*n - k + 160. Suppose 0 = n*i - 25*i - 258. What is the tens digit of i?
4
Let j = 2951 + -1722. What is the hundreds digit of 14/14*(j + 2)?
2
Suppose y - 5*y = -s - 17, 0 = 4*y + 4*s - 12. Let a(u) = 66*u**2 - 2*u + 17. What is the tens digit of a(y)?
6
Let r = -3664 - -9322. What is the hundreds digit of r?
6
Let s = 86785 + -60269. What is the units digit of s?
6
Let t = -165 - -168. What is the hundreds digit of (5 + -567 + 2)/(t + -4)?
5
Suppose -3*g = -2*r - 0*r + 64, 3*g + 90 = 3*r. Suppose 29*c = r*c + 1053. What is the units digit of c?
1
Let r be (6/(-9))/(7/(-27300)). Suppose -t = j - 370 - 496, 0 = 3*j + t - r. What is the tens digit of j?
6
Let p(x) = -18*x - 6. Let m be p(3). Let g = m - -51. What is the units digit of ((-4 - -8) + g)*(-2 - 11)?
5
Let l(g) be the third derivative of 0 + 21/20*g**5 - 13*g**2 - 5/24*g**4 - 1/6*g**3 + 0*g. What is the units digit of l(-1)?
7
Let l be (56/42)/((-8)/12). Let j(r) = -127*r + 6. What is the tens digit of j(l)?
6
Let f = -89 - -89. Suppose -7*y = b - 6*y - 191, f = -5*b + 3*y + 979. What is the hundreds digit of b?
1
Let t = -752 - -754. Suppose 2604 = -76*w + 79*w + 3*p, t*p = -5*w + 4346. What is the units digit of w?
0
Suppose -6 = -3*j - 3*a, -4*a = 6*j - 3*j - 8. Let o(g) = g**3 - 3*g**2 + 7*g + 1113. What is the tens digit of o(j)?
1
Let d be -2*12/40 - (-7119)/15. Suppose 17*x = 23*x - d. What is the tens digit of x?
7
Let f be (1/1)/(16/(-112)). What is the hundreds digit of (-16)/112 + (-2276)/f?
3
Suppose -60*n + 543823 = -527357. What is the hundreds digit of n?
8
What is the ten thousands digit of 1 + 88004*(-17)/(-68)?
2
What is the ten thousands digit of (-977172)/(-69) - (-36)/414?
1
Suppose 6*o + 130 = -7*o. What is the units digit of o*14/(-21)*864/15?
4
Let q be -3 + 49/17 + 180342/51. Suppose -2*s - q = -15*s. What is the hundreds digit of s?
2
Suppose 70 - 320 = -25*w. Let f(j) = 2*j**3 - 16*j**2 + 13*j + 24. What is the units digit of f(w)?
4
Suppose -c - b - 913 = -7792, -3*b = 2*c - 13757. What is the hundreds digit of c?
8
Let p(t) = t**2 + 6*t + 13. Let x be p(-6). Let c = x - -191. What is the units digit of c?
4
Let t(a) = 52*a**3 - 10*a**2 + 17*a + 40. Let p be t(12). What is the hundreds digit of p/156 - (-8)/(-6)?
5
Let h(s) = 2*s + 8. Let l = -26 + 22. Let w be h(l). Suppose 5*k - 305 = -5*y, -3*k = -w*y - y + 73. What is the units digit of y?
4
Suppose 4*z = -t - 3*t + 16, 0 = -z. Suppose q = -5*k + 4*q + 31, -3*q = 6. Suppose -t*u - n = n - 704, -5*u + k*n = -865. What is the units digit of u?
5
Suppose 0 = 28*s - 16*s + 120. What is the hundreds digit of (-15)/25 - (3852/s)/2?
1
Let o(f) = 129*f**2 + 5*f - 2. What is the units digit of o(1)?
2
What is the units digit of -5*(-2 - (-45015)/(-75))?
1
Suppose x + 3 = 0, -4*b - 7*x = -4*x + 1. Let g(v) = 6*v**2 + 5*v - 3. What is the tens digit of g(b)?
3
Let n(g) = -g**3 - g**2 + 3*g + 4. Let q be n(-2). Let l = -4 + 6. Suppose l*u + q = 4, 4*z - 519 = -3*u. What is the tens digit of z?
2
Let h = -12721 - -19599. Suppose 0 = 14*j - h - 6534. What is the hundreds digit of j?
9
Suppose 5*b + 711*p = 709*p + 8437, -5*b + 8433 = -2*p. What is the thousands digit of b?
1
Suppose 468*b - 472*b = -32. Suppose -b*g + 4487 = -1041. What is the hundreds digit of g?
6
Suppose 0 = 3*q - 3*j, 2*q + 2*j + 4 = 6*q. Suppose 3*i + 1 = y, -q*y - y = 2*i + 19. What is the units digit of 9/(-6*(i - (-44)/24))?
9
Let i = 291 + -147. Suppose -i = -s - s. What is the units digit of s?
2
Suppose 2*m + 2*g - 12920 = 0, -4*m - 32*g = -30*g - 25848. What is the hundreds digit of m?
4
Let d(l) = -2577*l - 11424. What is the ten thousands digit of d(-31)?
6
Let z be 1/((-3)/(-540)) + -3. Suppose h + b = 4*h + z, 3*b = 3*h + 171. Let f = h - -123. What is the units digit of f?
3
Let s(d) = 59*d - 53. Suppose 4*z = -2*l + 24, 2*l + 3*z - 32 = -3*l. What is the units digit of s(l)?
3
Let v(l) = 14*l**2 + 9*l + 13. Let j(q) = 13*q**2 + 9*q + 13. Let t(a) = 2*j(a) - 3*v(a). Let i be t(-4). Let n = i - -472. What is the hundreds digit of n?
2
Let q(y) = -3*y**3 + 8*y**2 - 7*y - 1. Let m be q(5). Let h = 606 + -211. Let t = m + h. What is the tens digit of t?
8
Let w be 2/(-60)*-74406 - (-2)/(-10). Suppose -4*u - u + w = 0. What is the tens digit of u?
9
Let y(k) be the second derivative of k**5/20 - 3*k**4/4 - 7*k**3/3 - 9*k**2/2 - 12*k + 4. Suppose 0 = -3*d + 32 + 1. What is the tens digit of y(d)?
7
Let v(a) be the first derivative of 5/2*a**2 + 1/3*a**3 - 1 - 4*a. What is the tens digit of v(2)?
1
Let g(z) = -42*z + 311. Let b(h) = 124*h - 935. Let a(j) = -6*b(j) - 17*g(j). What is the units digit of a(-28)?
3
What is the units digit of (-5)/(-2 - (-31205)/15605)?
5
What is the ten thousands digit of (810/486)/(-3*1/(-19134))?
1
Let d be -1*(7 + (-2124)/6). Let n = 2184 - d. What is the hundreds digit of n?
8
Let j(f) = 3*f**2 + 9*f - 8. Suppose -18 = -4*t + t. Let u be j(t). Suppose 2*x - u = 112. What is the units digit of x?
3
Suppose -11*j - 12 = -14*j. Suppose 0 = -4*g - 5*i + 2313, 3*i - 13 = 2. Suppose j*a = -9*a + g. What is the units digit of a?
4
What is the units digit of 882/14*3345/35?
1
Let o be 30/(-6*7/(-21)). Let t(n) = 79*n + 275. What is the thousands digit of t(o)?
1
Suppose 1155*v - 1152*v - n = 75123, 25062 = v + 2*n. What is the ten thousands digit of v?
2
Let c(b) = 3*b**2 - b - 2*b + 0*b**2 + 0 + 10. Let i = 901 + -908. What is the hundreds digit of c(i)?
1
Let l = -106 - -109. Suppose 5*a = -l*m + 2225, 0 = 4*a - 5*m - 261 - 1482. What is the tens digit of a?
4
Let q(i) = -26*i + 283. Let z(x) = -5*x + 56. Let l(w) = -2*q(w) + 11*z(w). What is the units digit of l(-17)?
1
Let a be 6 + 2814/(6 - 13). Let i = 377 - a. What is the tens digit of i?
7
What is the units digit of (-14 - -10089 - -11) + 7?
3
Let